t i(n) = 20*n - 283. Suppose 2*b - 17 = 15. What is the remainder when 181 is divided by i(b)?
33
Suppose 83*l - 84*l = -40. Suppose 48 = 44*d - l*d. What is the remainder when 27 + 8/(-2) - 1 is divided by d?
10
Let n(h) = -h**2 + 69*h - 879. Let b = 110 - 69. What is the remainder when n(20) is divided by b?
19
Let z = 5765 - 5640. Calculate the remainder when z is divided by 96.
29
Let q = -724771 + 725202. Let y = 6 + 13. What is the remainder when q is divided by y?
13
Let z(t) be the first derivative of t**3/3 - 7*t**2/2 - 13*t + 49. What is the remainder when z(11) is divided by 14?
3
Let z = 212 - 218. What is the remainder when z/36*-32*(-3)/(-2) is divided by 8?
0
Suppose -1277 = -66*w - 419. Suppose -9*c + 124 = -56. Calculate the remainder when c is divided by w.
7
Let g(p) = p**2 - 344. Let f be g(0). Let b = f + 483. Suppose -3*c + 72 = 2*l - c, 0 = 4*l + 5*c - b. What is the remainder when 162 is divided by l?
39
Suppose 2*w - 57 = 11. Calculate the remainder when w is divided by -1707*2/(-162) + (6 - (-1804)/(-297)).
13
Calculate the remainder when (0 - -5) + (-16 - -184) is divided by -138*(80/15)/(-8).
81
Let s be (61/(-3) + -1)*-3. Let q(j) = 15*j - 187. Let w be q(13). Suppose -w*v + s = -6*v. What is the remainder when v is divided by 9?
5
Let g = 6534 - 6481. Calculate the remainder when 218 is divided by g.
6
Let p = 671 - 673. Calculate the remainder when 22 is divided by p/(5/(-160)*4).
6
Let l(d) = -10*d + 1037. Calculate the remainder when 162 is divided by l(94).
65
Let o be (6/7)/3 - 8420/(-28). Let i = -153 + o. Suppose 4*p + 4*k - i = -0*k, -4*p + 172 = -4*k. Calculate the remainder when 115 is divided by p.
35
Suppose -u + d = -2*u + 16, 0 = -2*u - d + 36. Let f be 12/u + 238/(-5). Let w = f - -55. What is the remainder when w is divided by 4?
0
Let x = -21553 - -23051. Calculate the remainder when x is divided by 50.
48
Let n(z) = -17*z + 25. Let o(g) = g. Let c(u) = -n(u) - 6*o(u). Let h be 7 - (-8 + (-72)/(-6)). Calculate the remainder when 54 is divided by c(h).
6
Let r(s) = -s**2 - 15*s - 6. Let j be r(-14). Suppose 0 = 7*y - j*y + 23. Calculate the remainder when 14/(98/(-63)) + 45 is divided by y.
13
Let p(b) = -b**2 + 10*b + 8. Let m(i) = -15*i - 7. Let f(a) = 7*a + 3. Let u(w) = -5*f(w) - 2*m(w). What is the remainder when p(5) is divided by u(-2)?
6
Let h = 195 + -164. Let r be (3*(-206)/(-24))/(1/(-4)). Let t = 286 + r. Calculate the remainder when t is divided by h.
28
Suppose -42*k + 53 = -16*k - 363. Let i = 58 + -2. What is the remainder when i is divided by k?
8
Suppose 2*l = -5*y + 708, -156 = -2*y - 4*l + 108. What is the remainder when 1561 is divided by y?
121
Let w = 85 - 88. Let h(d) = 2*d - 34. Let x be h(w). Calculate the remainder when 75 is divided by 108/45*x/(-6).
11
Let m = -951 - -1737. Calculate the remainder when m is divided by 88.
82
Calculate the remainder when 137 is divided by 35*18/15 - (2 - -4).
29
Suppose -15*d = -18*d + b + 118, -2*d + 4*b = -62. What is the remainder when 314 is divided by d?
27
Suppose -3*i + 2244 = 3*h - 4188, 0 = 3*i - 9. What is the remainder when h is divided by 153?
152
Let u(l) = 2*l**2 + 7*l - 16. Let o be u(-5). Calculate the remainder when (-51)/o*11/33 is divided by 9.
8
Let d be ((-308)/8)/(7/(-112)). What is the remainder when d/12 - 2 - (-5)/3 is divided by 12?
3
Suppose -185 = 4*r - 9*r. Suppose 34*b - 1239 = 2365. What is the remainder when b is divided by r?
32
Suppose 0 = -3*h - 5*b - 0*b - 274, 0 = -2*h - 3*b - 181. Let r = 109 + h. Calculate the remainder when 102 is divided by r.
24
Let h = -28 - -33. Suppose -h*w + j + 200 = 3*j, -5*j = -4*w + 127. Let a(v) = v**3 - 6*v**2 + 4*v - 14. Calculate the remainder when w is divided by a(6).
8
Suppose -2*n = -5*u + 3*n - 15, -5*u = 5*n + 35. Let l(y) = y**2 - 6*y + 22. What is the remainder when (-3 + -2)/(u/65) is divided by l(5)?
14
Suppose -8*g - 118 = -9*g. Let v = g + -117. Calculate the remainder when 26 is divided by v.
0
Let w(n) = -3606*n - 36007. Let i = 80 + 78. What is the remainder when i is divided by w(-10)?
52
Let f(b) = b**3 + 15*b**2 + 30*b + 53. Let g be f(-13). Calculate the remainder when 257 is divided by (260/(6 - g) - 6) + 6.
49
Let g(o) be the first derivative of o**4/4 + 7*o**3/3 + 3*o**2 + 5*o - 1. Let a = 2255 - 2261. Calculate the remainder when 9 is divided by g(a).
4
Let b(t) = 0*t + 2*t + 26 - 3*t. Calculate the remainder when b(-8) is divided by (6/(-9))/(312/162 + -2).
7
What is the remainder when (58/8)/(1294/(-648) + 2) is divided by 11?
6
Let w(y) = -y**2 - 2*y - 9. Let h be w(6). Let s = h + 56. What is the remainder when (0 + (-63)/(-6) - s)*16 is divided by 37?
36
Let b(d) = d**3 - 15*d**2 - 9*d + 2. Suppose 8 = -2*a, 3*o - 24 - 8 = -4*a. What is the remainder when b(o) is divided by 2/(-3) + (-356)/(-12)?
27
Let h(n) = n**2 - 11*n - 25. Let r be h(11). Calculate the remainder when (-2)/(-5) + 3 + (-20515)/r is divided by 59.
57
Let a = -160 - -174. Let w(v) = 7*v**2 + 71*v - 210. Calculate the remainder when w(3) is divided by a.
10
Suppose 5*o = -7*j + 6852, 2*j + 4136 = 289*o - 286*o. What is the remainder when o is divided by 138?
134
Let h = -35708 - -37144. What is the remainder when h is divided by 101?
22
Let z = -795 + 808. Let n = -107 - -262. What is the remainder when n is divided by z?
12
Suppose 0 = -9*q + 1499 - 14. Suppose -5*d + 2*t = -q, 6*d - 2*t = 4*d + 60. What is the remainder when 104 is divided by d?
34
Suppose 672 = 39864*n - 39848*n. Calculate the remainder when n is divided by 10.
2
Let g(u) = 7*u + 3. Let d = 17 + -15. Let m(w) = -3*w**3 + 23*w**2 - 8*w - 9. What is the remainder when m(7) is divided by g(d)?
16
Let x = 338 - 191. Let v(f) = f**2 + 123*f + 925. What is the remainder when x is divided by v(-115)?
2
Suppose -6*x - 16*x = 2*x - 27048. Calculate the remainder when x is divided by 42.
35
Let d(g) = -g**3 - g**2 + 2*g + 2. Let y be d(-2). Let a(f) = 16*f + 14. What is the remainder when a(0) is divided by 1/(y - (-9)/(-5))?
4
What is the remainder when 2 - (-6993)/12 - 280/(-224) is divided by 75?
61
Suppose 3*z = 4*h - 80 - 102, -5*h - 4*z + 212 = 0. Suppose 14 - h = -3*g. What is the remainder when 33 is divided by g?
3
Let m(q) = -192*q + 6153. Calculate the remainder when 10007 is divided by m(32).
8
Let s = -6 - -11. Let y be 1068*(-4)/14*(282/(-24) + 10). Suppose -c = s*c - y. Calculate the remainder when c is divided by 23.
20
Suppose -3*c = -2*i - 2 - 1, -i - 24 = 3*c. What is the remainder when 47 is divided by i/(-21) - 1969/(-77)?
21
Let q(j) = 13*j**2 - 6*j**3 - 2*j**2 - 6*j**3 + j - 19 + 11*j**3. Let f be q(11). Calculate the remainder when 39 is divided by ((-30)/(-36))/(2/(-6))*f.
19
Suppose 196*j + 299 = 209*j. Calculate the remainder when 173 is divided by j.
12
Let m = -3495 - -3728. Calculate the remainder when m is divided by 39.
38
Suppose 237 = 5*i + a, i + 2*a - 70 = -28. Calculate the remainder when 198 is divided by i.
6
Let j(c) = -11*c**2 + 75*c. Suppose 0 = 15*q - 29 - 61. Calculate the remainder when 86 is divided by j(q).
32
Let w = -22949 + 22995. Calculate the remainder when 6025 is divided by w.
45
Let p = -436 + 445. Suppose p*m = 130 + 176. What is the remainder when 168 is divided by m?
32
What is the remainder when 620 is divided by 8*3*(-2)/(-456) + 5506/38?
40
Suppose 50*l - 2067 = -3*l. What is the remainder when (-27)/18 - (-781)/2 is divided by l?
38
Let d = -3649 + 5290. Calculate the remainder when d is divided by 165.
156
Let c(h) = 8*h + 1. Let l = 0 + 1. Let j(o) = o**2 + 108*o + 618. Calculate the remainder when c(l) is divided by j(-102).
3
What is the remainder when 296 is divided by (-1 + ((-4374)/(-24))/27)/(1/4)?
20
Let m = 507 + -505. Suppose m*d = 3*g + 165, -15*g - 85 = -d - 13*g. Calculate the remainder when d is divided by 14.
5
Suppose -9*x + 4*n + 380 = -935, -3*x - 2*n + 445 = 0. What is the remainder when 243 is divided by x?
96
Let g(r) = 6*r**2 - 21*r + 81. Suppose -21 = -13*b + 31. What is the remainder when g(b) is divided by 24?
21
Suppose 18*z - 7 = 16*z + p, -4*z - 5*p + 49 = 0. Calculate the remainder when 148 is divided by z.
4
Let i(r) = 3*r**2 + 3*r + 5 + 4*r**2 + 36*r**3 + 3*r**2 - 9*r - 8*r**2. Let l = 26 + -16. Calculate the remaind